base 2) to base 15
21a344
What is -320000 (base 5) in base 13?
-4ab4
Convert -441203 (base 7) to base 14.
-2023a
What is 1252354 (base 8) in base 10?
349420
What is -973576 (base 10) in base 15?
-143701
-2313121331 (base 5) to base 6
-303341444
What is -13051212 (base 6) in base 16?
-682b8
Convert -7253833 (base 10) to base 3.
-111122112101111
Convert 4b717 (base 13) to base 12.
68966
Convert 61cb54 (base 14) to base 6.
154424102
19477a (base 12) to base 13
126b11
-331120111 (base 5) to base 6
-50323053
What is -52696 (base 12) in base 6?
-2152310
-67266 (base 10) to base 7
-400053
What is 69a9123 (base 11) in base 15?
111ad40
Convert 12243112 (base 7) to base 12.
45248a
What is 10523326 (base 7) in base 3?
1201102012011
Convert 283736 (base 11) to base 5.
103202414
What is 101111220200 (base 3) in base 5?
23110343
1c353c (base 15) to base 2
101010000011110000110
Convert -4912180 (base 10) to base 7.
-56516140
1610127 (base 10) to base 9
3023610
Convert -9bb190 (base 14) to base 7.
-62664640
What is -d2a01 (base 14) in base 3?
-221202021111
What is -66dff (base 16) in base 5?
-101441000
What is 45151313 (base 6) in base 10?
1367613
Convert 310440120 (base 5) to base 10.
1265035
21200111212210 (base 3) to base 10
4084500
What is 41012043 (base 5) in base 11?
205222
Convert -40127 (base 13) to base 16.
-1bf0e
What is 141032235 (base 6) in base 5?
1212203211
What is -120220222110000 (base 3) in base 14?
-11a4405
-201313000 (base 4) to base 15
-2b15d
Convert -1146224 (base 7) to base 12.
-70762
What is 110000111100000 (base 2) in base 12?
12600
Convert -2858cc (base 14) to base 6.
-45550140
-440210402 (base 5) to base 9
-3477525
What is -42351060 (base 7) in base 9?
-6674613
-167011 (base 10) to base 7
-1263625
-1112122021101 (base 3) to base 15
-112c9a
What is 1715b (base 14) in base 10?
57901
Convert -678283 (base 13) to base 6.
-124230414
4515235 (base 6) to base 12
abb1b
-2422221 (base 6) to base 16
-1f225
Convert -2050541 (base 6) to base 12.
-49a51
What is -454315 (base 8) in base 12?
-75011
Convert -92b05 (base 14) to base 13.
-c4b11
What is 1418558 (base 9) in base 6?
24421212
What is 350052 (base 7) in base 3?
10011200110
78b77 (base 15) to base 12
16624a
76f1 (base 16) to base 8
73361
Convert 61449 (base 12) to base 15.
2786c
-1b9d1 (base 14) to base 5
-4224142
Convert 223b3 (base 13) to base 2.
1111001011011001
What is 43535455 (base 6) in base 11?
810578
What is -b66a1 (base 13) in base 9?
-550547
Convert 116833 (base 11) to base 13.
660a4
-10100101000001101 (base 2) to base 13
-2c5c6
16242142 (base 9) to base 12
2875792
Convert -a58a9a (base 11) to base 10.
-1695682
What is 3152716 (base 9) in base 2?
110011100001010011001
What is -12100001101220 (base 3) in base 16?
-2b43af
Convert 2fc9 (base 16) to base 14.
465b
Convert -329c2ba (base 13) to base 5.
-12432210132
Convert 4575365 (base 8) to base 16.
12faf5
Convert 3990b9 (base 13) to base 8.
5234405
What is 808429 (base 10) in base 12?
32ba11
What is -10100111101100110110 (base 2) in base 11?
-42a097
What is 5005352 (base 6) in base 7?
1664450
Convert -1003020130001 (base 4) to base 6.
-1425105105
What is -71279 (base 11) in base 13?
-38533
What is 47214411 (base 8) in base 2?
100111010001100100001001
Convert -506819 (base 12) to base 7.
-13446636
Convert -e5bdf1 (base 16) to base 7.
-241656056
1121302030 (base 4) to base 16
59c8c
11210010102 (base 3) to base 11
647a6
Convert 1110010100011100110 (base 2) to base 6.
14020154
Convert -4124020 (base 6) to base 14.
-52176
Convert -12503233 (base 7) to base 9.
-2133271
Convert -200220220001 (base 3) to base 8.
-1327327
What is -212225414 (base 6) in base 4?
-32103332302
Convert 13213130 (base 4) to base 10.
31196
-211212121222 (base 3) to base 13
-129c29
-453521254 (base 6) to base 3
-120121200022221
-120a63 (base 11) to base 14
-4db88
-31259 (base 12) to base 14
-19605
2cc4d (base 14) to base 5
12042211
Convert -33350612 (base 7) to base 10.
-2886305
-110110001201 (base 3) to base 12
-b993a
-6b6787 (base 14) to base 9
-6808742
What is 1102201110 (base 4) in base 2?
1010010100001010100
What is -1816e (base 15) in base 11?
-53628
Convert -243707 (base 8) to base 7.
-466432
What is -110031430 (base 5) in base 4?
-1302331101
Convert 6fad9 (base 16) to base 12.
1a0875
What is 15865341 (base 9) in base 6?
442304401
-325715 (base 11) to base 13
-152885
Convert -12111021221211 (base 3) to base 13.
-7b2767
What is 9c23b (base 14) in base 8?
1344355
Convert -39ab2b (base 16) to base 14.
-705471
What is -a6358 (base 15) in base 6?
-15145002
-1a503b (base 15) to base 4
-10321013330
Convert -21101201011 (base 3) to base 5.
-14124323
10487 (base 15) to base 6
1035044
What is -10432250 (base 7) in base 6?
-31133025
What is 46d33a (base 14) in base 5?
1104334404
6545502 (base 8) to base 9
3265657
What is 44729 (base 13) in base 14?
333d0
Convert -327119 (base 13) to base 4.
-10201230023
13560253 (base 7) to base 6
43155031
Convert 667124 (base 9) to base 15.
7d2b1
79781 (base 10) to base 6
1413205
-689b38 (base 13) to base 4
-21130331211
4a487 (base 11) to base 8
215405
What is -113002233212 (base 4) in base 11?
-345639a
What is -230524102 (base 6) in base 2?
-10000001011100000000110
Convert -116064 (base 7) to base 2.
-101001101000000
-2222110201 (base 3) to base 4
-32110213
What is 124342524 (base 6) in base 15?
337737
270410 (base 9) to base 11
102537
-4304400241 (base 5) to base 16
-8a3c76
Convert 100000110011100111 (base 2) to base 9.
224285
Convert -33114302 (base 6) to base 2.
-11110001101001111110
Convert -141141303 (base 5) to base 13.
-1c4a5a
Convert -111200211110 (base 4) to base 16.
-560954
459d5 (base 16) to base 14
75cb3
59c04 (base 16) to base 4
1121300010
Convert 1582635 (base 10) to base 11.
99106a
What is -ca0c0 (base 14) in base 3?
-220211020022
What is 2741d7 (base 14) in base 11?
8467a6
What is -11101201201 (base 3) in base 6?
-1504414
What is -13453252 (base 7) in base 2?
-100110010110110110111
1a5175 (base 12) to base 15
92be5
121503 (base 10) to base 9
204603
-11010000010111 (base 3) to base 5
-1024404112
Convert 86874 (base 10) to base 5.
10234444
-1041562 (base 7) to base 13
-46294
-3624542 (base 7) to base 8
-1602716
Convert -2522676 (base 9) to base 8.
-5172116
Convert -3433121 (base 5) to base 14.
-18685
81324 (base 15) to base 14
a9124
Convert -10320010210 (base 4) to base 11.
-7a3400
Convert 72e86 (base 15) to base 9.
614770
2131213 (base 5) to base 16
8e51
What is -400452115 (base 6) in base 16?
-6718af
-96909 (base 11) to base 2
-100010011000110101
What is -11100110100011001 (base 2) in base 7?
-1001100
Convert 189d3 (base 15) to base 13.
2a462
Convert 33132213 (base 4) to base 11.
436a6
-246244 (base 11) to base 7
-3206641
Convert -300885 (base 14) to base 6.
-54341325
-103301210 (base 4) to base 15
-18eeb
Convert -1858538 (base 10) to base 8.
-7055752
26a83 (base 11) to base 5
2213234
Convert 454ac (base 13) to base 12.
60b3b
-2451510 (base 6) to base 4
-200003202
223223211 (base 4) to base 5
21211132
What is 1002002231 (base 4) in base 15?
5523e
Convert -40662555 (base 8) to base 2.
-100000110110010101101101
110010000111110110 (base 2) to base 7
1513356
Convert 211852 (base 12) to base 14.
d7dca
Convert 3488b (base 16) to base 12.
a4637
17312a (base 11) to base 9
447166
Convert -23114310 (base 5) to base 4.
-302221133
What is 22113221 (base 4) in base 13?
16442
-48372 (base 13) to base 12
-64770
3131311 (base 5) to base 4
30231301
Convert -4546 (base 9) to base 6.
-23323
What is 56261 (base 8) in base 2?
101110010110001
-55537500 (base 8) to base 16
-b6bf40
Convert 320043 (base 6) to base 13.
ba6c
What is -2100110101 (base 3) in base 5?
-2440021
Convert -3252614 (base 8) to base 7.
-10266502
Convert -3063136 (base 7) to base 15.
-7428d
Convert 34241312 (base 5) to base 15.
6093c
Convert -141563065 (base 7) to base 4.
-203120223223
Convert -10410110 (base 5) to base 6.
-1542332
13246226 (base 8) to base 10
2968726
-21667a0 (base 12) to base 8
-30177350
Convert 67060 (base 13) to base 4.
231213013
What is -2046b (base 15) in base 2?
-11000111101101011
What is 3040ad (base 14) in base 15?
22156b
Convert -140471 (base 8) to base 2.
-1100000100111001
What is -1011000000000000011010 (base 2) in base 7?
-33340012
Conver